/q)/(9/120). Let y = -14 + n. What are the prime factors of y?
2, 3
Let r = -5 - 4. Let x(f) = f**2 + 8*f - 6. Let u be x(r). Suppose -u*b + 7*b = 4*q + 36, -5*q = 20. What are the prime factors of b?
5
Suppose 0 = -3*s + 202 + 116. What are the prime factors of s?
2, 53
Suppose -w - 12 = 2*t - 1, -w - 4*t = 21. Let m = -28 - w. Let q = -13 - m. What are the prime factors of q?
2, 7
Let k be 4/(-1) + (-2)/(-1). Let t = 1 - k. List the prime factors of t.
3
Suppose 1 = -2*v - 3. Let k(u) = -2*u**3 + u**2 + 3*u + 2. List the prime factors of k(v).
2
What are the prime factors of (-1 + (-94)/3)*(-1 - 2)?
97
Suppose 1 = 5*y - 9. Suppose 2*t + 3*g - 132 = 0, -5*t + 224 = -y*t - 2*g. List the prime factors of ((-9)/(-12))/(3/t).
2, 3
Let d be (1 - 2)*-1*6. List the prime factors of 39/d + (-2)/(-4).
7
Let z(k) = -2*k**2 + 4*k - 2. Let r(l) = 2*l**2 - 5*l + 2. Let o(b) = -3*r(b) - 4*z(b). List the prime factors of o(2).
2
Suppose 5*r + 2*u = 56, 2*r + 3 = 5*u + 8. List the prime factors of 1*r - (-1 + 1).
2, 5
Let b = 13 - 9. Suppose -3*k = -b*k + 2. List the prime factors of k.
2
Let w(q) = -q - 6. Let g be w(-10). Suppose g*u + u = 260. Suppose i - 18 = 4*j, -4*j = 5*i - i - u. What are the prime factors of i?
2, 7
What are the prime factors of ((-965)/(-25) - -7)/(6/20)?
2, 19
Let s(w) = 3*w**2 - 10*w + 5 + 0 - w - w**2. List the prime factors of s(7).
2, 13
Let i = 31 - 3. Suppose 5*r + 4*t - i = 0, 2*r - t = -3*t + 12. List the prime factors of r.
2
Let t(w) = -w**2 + 7*w + 2. Let p be ((-6)/(-3) - 1)*5. Suppose 3*l - 11 = 2*z, -22 = -l - p*z - 7. What are the prime factors of t(l)?
2, 3
Let t(y) = -5*y**2 + 3*y + 1. Let f be t(4). Let k be (-1 + f)/(14/(-35)). What are the prime factors of 1/(-4) + k/8?
3, 7
Let h = 16 + -9. Let k(p) be the third derivative of p**4/12 - p**3/3 + p**2. What are the prime factors of k(h)?
2, 3
Let o(b) = b**3 + 3*b**2 - 6*b - 6. Let z be o(-4). Let a = -15 + 21. Let g = z + a. List the prime factors of g.
2
Let y(t) be the first derivative of -t**2 - 6*t + 2. Let a be y(-4). Suppose -a*u = -u - 8. What are the prime factors of u?
2
Let t(h) = -h**2 - 6*h. Let k be t(-6). Suppose 7*u - 2*u + 15 = k. What are the prime factors of (17 - 0) + u/(-1)?
2, 5
Suppose -4*v + 7*v = -4*c + 7, -4*v + 28 = -4*c. Let i be 18 + (-3 - c/2). What are the prime factors of (0 + i/(-6))*-3?
2
Let g(l) = -l**2 - l - 1. Let y be g(-2). Let a = y + 6. Suppose -a*k - 1 = -16. What are the prime factors of k?
5
What are the prime factors of (16/(-14) + 4)/(4/70)?
2, 5
Suppose b + 75 = -4*b. Let d be (-10)/b - 2/3. Suppose -j + 35 = -3*n + 13, 2*n + 4 = d. What are the prime factors of j?
2
Suppose 0 = -4*f + 23 + 1. List the prime factors of f.
2, 3
Let m(q) = -6*q + 3. Let x be m(4). Let t = 70 + x. List the prime factors of t.
7
Suppose -2*f = -3*f. Let o be 3/6*f/(-3). What are the prime factors of -1 + o/3 + 11?
2, 5
Suppose 1 + 187 = -4*w. Let d be (33/1)/(-1) + 2. Let z = d - w. What are the prime factors of z?
2
Let u be (6/(-7))/(1/(-49)). Suppose 2*g = 5*m + 19, 12 + u = 3*g + m. Suppose 5*d = -g + 47. What are the prime factors of d?
2, 3
Let u(v) be the third derivative of v**6/120 - v**5/60 + v**3/3 - 4*v**2. Let x be u(2). List the prime factors of 21/2*x/9.
7
Suppose -3*t + 2*t = 0. Suppose -5*n + 5*v + 59 = 9, -5*n + 4*v = -46. Suppose -r + n*r - 60 = t. What are the prime factors of r?
2, 3
Let j(d) = -d**3 + 2*d**2 + 4*d - 3. Let u be j(3). Suppose 2*q + 2 = u, 17 = 3*y - 4*q - 23. List the prime factors of y.
2, 3
Suppose -5*u = z + 21, 5*u = 5*z - 18 + 3. List the prime factors of (-12 - (0 - z))*-1.
13
Let k(b) = 6*b**2 - 3*b + 2. Let t = 0 + 2. List the prime factors of k(t).
2, 5
Let v be 3/9 - 33/(-9). Suppose 4*l = 2*x + v, 5*l + 2 - 1 = 4*x. List the prime factors of x.
2
Let v(h) = -h**3 - 8*h**2 + 11*h + 8. Let q be v(-9). Let g = 21 + q. What are the prime factors of g?
11
What are the prime factors of -395*(22/(-5) + 4)?
2, 79
Let j(f) = 19*f. List the prime factors of j(1).
19
Let h(y) = y**3 + 11*y**2 + 9*y - 8. Let k be (-10)/(-25) - (-96)/10. Let a(f) = -f. Let r be a(k). List the prime factors of h(r).
2
Let k = 33 + -48. Let w = k - -30. List the prime factors of w.
3, 5
Let w(j) = -j**3 + 4*j**2 - 4*j + 5. What are the prime factors of w(3)?
2
Let t(d) be the third derivative of -d**4/2 + d**3/3 - 2*d**2. Let h be t(2). Let p = -16 - h. List the prime factors of p.
2, 3
List the prime factors of 1 + (-1796)/(-14) + (-58)/203.
3, 43
Suppose 17 + 19 = 6*p. What are the prime factors of p?
2, 3
Let m be (0 - -2) + (-1 - -1). Suppose 0 = -r + 4 - m. List the prime factors of 22/r - 1*2.
3
Let h(y) = -y**3 + 8*y**2 - 8*y + 3. What are the prime factors of h(3)?
2, 3
Let n(v) = -v**2 + 6*v - 2. Let s be n(6). Let l = 2 - s. What are the prime factors of l?
2
Let o = -177 - -119. Let y = o - -40. Let z = -7 - y. List the prime factors of z.
11
Let s = -116 - -196. Let t be (-4)/(-6) - 14/(-6). Suppose t*h = -h + s. List the prime factors of h.
2, 5
Let z(i) = i - 2. Let x(l) = 2*l - 3. Let a(p) = -4*x(p) + 7*z(p). Let m be a(-5). Let c = 6 - m. What are the prime factors of c?
3
Let s(y) = 5 - y**2 - 7*y + 3*y**2 - 3*y**2. List the prime factors of s(-6).
11
Let q be 3 - (1 + 0 + -1). Suppose -4*v + 53 = 5*c, 0 = q*c - 0*c + 5*v - 24. List the prime factors of c.
13
Suppose -3*s - 10 - 17 = 0. Let z = s - -29. Suppose -3*y = 2*m - z, 3*m = 5*y - 3*y - 35. List the prime factors of y.
2, 5
Suppose -3*l - 66 + 16 = m, -m = -2*l - 25. List the prime factors of (l/(-9))/((-2)/(-6)).
5
Let x(h) = 5*h - 21*h + 5 + 2*h - 4. Let i be (-6)/4*2/3. List the prime factors of x(i).
3, 5
Suppose -3*z - 1 + 25 = 0. List the prime factors of 2/z + (-1716)/(-48).
2, 3
Suppose 4*z - 3*n + 175 = 0, -2*z - 41 = 5*n + 14. Let c = z + 81. List the prime factors of c.
41
Suppose -16 = -5*w + 224. Suppose 2*j - 20 = -2*x, j + j - w = 5*x. List the prime factors of j.
2, 7
Let m = 135 - -31. What are the prime factors of m?
2, 83
Suppose -q - 212 + 75 = -a, 0 = 5*a - 3*q - 679. List the prime factors of a.
2, 67
Let f(u) = -2*u**3 - u**2 - u. What are the prime factors of f(-1)?
2
Let h be -1 + (-3)/(-3) - -3. Suppose -h*b = -48 - 27. List the prime factors of b.
5
Let x(z) = 2*z**2 + z - 1. Let w = 4 + -3. List the prime factors of x(w).
2
Suppose 6 - 18 = 2*n. List the prime factors of -38*(9/n - -1).
19
Suppose 2*u - 75 = 15. Suppose a - u = -14. What are the prime factors of a?
31
Let k(t) = -t - 3. Let y(x) = -x - 2. Let n be y(6). Let f be k(n). Suppose -12 - 23 = -f*b. List the prime factors of b.
7
Let n be (-1)/(1 - 4/3). Let p(j) = 4*j + 0*j - 4 + 0*j + 2*j. What are the prime factors of p(n)?
2, 7
Let y be (-32)/(-14) + 2/(-7). Let i be 0/((-3)/(3/2)). Suppose -k + i = -3*a + 1, -8 = -y*a. What are the prime factors of k?
11
Let w(i) = -i**3 + 4*i**2 + 4*i - 3. Let q be w(4). Suppose 0 = -5*a + 2 + q. What are the prime factors of a?
3
Suppose -5*j + 5*p = -25, 4*j + p + 5 = 8*j. Suppose -2*h - 2*h = j. Let o = h + 10. What are the prime factors of o?
2, 5
Suppose 16 = 4*a + 3*c + 2*c, 3*a + 3*c = 9. Let b(l) be the third derivative of -l**4/12 + l**2. What are the prime factors of b(a)?
2
Suppose -11 - 1 = 3*o. Let l(h) = -h - 2. Let y be l(o). Suppose y + 28 = 5*n. List the prime factors of n.
2, 3
Let l(x) = -135*x**3 + x**2 + 1. List the prime factors of l(-1).
137
Suppose -264 = -0*d - 8*d. What are the prime factors of d?
3, 11
Let v(h) = h**2 + 11*h + 2. Let b be v(-6). Let n be (-4)/(-14) + 8/b. List the prime factors of -2 - (-16 + (n - -2)).
2, 3
Let k be (3/(-6))/(2/(-36)). Let i be ((-3)/k)/((-2)/12). Suppose v + i*g = -3, -v + 34 - 13 = -4*g. List the prime factors of v.
5
Let x(s) = -41*s - 2. What are the prime factors of x(-3)?
11
Suppose -2*c + 7 + 5 = 0. Suppose 2*l - c*l + 48 = 0. Suppose 0*u - 4*d = -4*u + l, 7 = 4*u + d. List the prime factors of u.
2
Let u(x) = 10 - x**3 + x**3 + x**3 + 7*x - 9*x**2. Let z be u(8). What are the prime factors of (z - 2) + 1 - -4?
5
Suppose -f - r = -2*r - 3, -15 = -5*r. What are the prime factors of f?
2, 3
Suppose -5*t + 2*r = -94, 14 = t - 2*r - 0*r. What are the prime factors of t?
2, 5
Let w be (-55)/(-44)*(4 + 0). Suppose -40 = -w*y + 40. What are the prime f